{"id":2560,"date":"2023-06-09T09:51:10","date_gmt":"2023-06-09T09:51:10","guid":{"rendered":"https:\/\/www.hisense.es\/landings\/?page_id=2560"},"modified":"2026-01-29T17:31:06","modified_gmt":"2026-01-29T16:31:06","slug":"reviews","status":"publish","type":"page","link":"https:\/\/www.hisense.es\/landings\/reviews\/","title":{"rendered":"Reviews Hisense"},"content":{"rendered":"\t\t<div data-elementor-type=\"wp-page\" data-elementor-id=\"2560\" data-post-id=\"2560\" data-obj-id=\"2560\" class=\"elementor elementor-2560 dce-elementor-post-2560\" data-elementor-settings=\"[]\">\n\t\t\t\t\t\t\t<div class=\"elementor-section-wrap\">\n\t\t\t\t\t\t\t<section class=\"elementor-section elementor-top-section elementor-element elementor-element-5820302 elementor-section-height-min-height elementor-hidden-desktop elementor-hidden-tablet elementor-hidden-phone elementor-section-boxed elementor-section-height-default elementor-section-items-middle\" data-id=\"5820302\" data-element_type=\"section\">\n\t\t\t\t\t\t<div class=\"elementor-container elementor-column-gap-default\">\n\t\t\t\t\t<div class=\"elementor-column elementor-col-100 elementor-top-column elementor-element elementor-element-63d1183\" data-id=\"63d1183\" data-element_type=\"column\">\n\t\t\t<div class=\"elementor-widget-wrap elementor-element-populated\">\n\t\t\t\t\t\t\t\t<div class=\"elementor-element elementor-element-ae4231a elementor-widget elementor-widget-heading\" data-id=\"ae4231a\" data-element_type=\"widget\" data-widget_type=\"heading.default\">\n\t\t\t\t<div class=\"elementor-widget-container\">\n\t\t\t<h2 class=\"elementor-heading-title elementor-size-default\">Pronto disponible...<\/h2>\t\t<\/div>\n\t\t\t\t<\/div>\n\t\t\t\t\t<\/div>\n\t\t<\/div>\n\t\t\t\t\t\t\t<\/div>\n\t\t<\/section>\n\t\t\t\t<section class=\"elementor-section elementor-top-section elementor-element elementor-element-16c2773 elementor-section-height-min-height elementor-section-content-middle elementor-section-items-top elementor-section-boxed elementor-section-height-default\" data-id=\"16c2773\" data-element_type=\"section\" data-settings=\"{&quot;background_background&quot;:&quot;classic&quot;}\">\n\t\t\t\t\t\t<div class=\"elementor-container elementor-column-gap-default\">\n\t\t\t\t\t<div class=\"elementor-column elementor-col-50 elementor-top-column elementor-element elementor-element-4fd5ec6\" data-id=\"4fd5ec6\" data-element_type=\"column\">\n\t\t\t<div class=\"elementor-widget-wrap elementor-element-populated\">\n\t\t\t\t\t\t\t\t<div class=\"elementor-element elementor-element-2ca228e elementor-widget elementor-widget-heading\" data-id=\"2ca228e\" data-element_type=\"widget\" data-widget_type=\"heading.default\">\n\t\t\t\t<div class=\"elementor-widget-container\">\n\t\t\t<h2 class=\"elementor-heading-title elementor-size-default\">Tu opini\u00f3n nos importa<br>\n<br>\nCu\u00e9ntanos tu experiencia <\/h2>\t\t<\/div>\n\t\t\t\t<\/div>\n\t\t\t\t<section class=\"elementor-section elementor-inner-section elementor-element elementor-element-79f8a23 elementor-section-boxed elementor-section-height-default elementor-section-height-default\" data-id=\"79f8a23\" data-element_type=\"section\" data-settings=\"{&quot;background_background&quot;:&quot;classic&quot;}\">\n\t\t\t\t\t\t<div class=\"elementor-container elementor-column-gap-default\">\n\t\t\t\t\t<div class=\"elementor-column elementor-col-100 elementor-inner-column elementor-element elementor-element-f85d675\" data-id=\"f85d675\" data-element_type=\"column\">\n\t\t\t<div class=\"elementor-widget-wrap elementor-element-populated\">\n\t\t\t\t\t\t\t\t<div class=\"elementor-element elementor-element-525259a elementor-widget elementor-widget-heading\" data-id=\"525259a\" data-element_type=\"widget\" data-widget_type=\"heading.default\">\n\t\t\t\t<div class=\"elementor-widget-container\">\n\t\t\t<h2 class=\"elementor-heading-title elementor-size-default\">Busca tu producto por el c\u00f3digo, espera el desplegable\n<br>\n<br>\ny pincha en tu producto.<\/h2>\t\t<\/div>\n\t\t\t\t<\/div>\n\t\t\t\t<div class=\"elementor-element elementor-element-9684407 elementor-button-align-center elementor-widget elementor-widget-form\" data-id=\"9684407\" data-element_type=\"widget\" data-settings=\"{&quot;button_width&quot;:&quot;40&quot;,&quot;step_next_label&quot;:&quot;Next&quot;,&quot;step_previous_label&quot;:&quot;Previous&quot;,&quot;step_type&quot;:&quot;number_text&quot;,&quot;step_icon_shape&quot;:&quot;circle&quot;}\" data-widget_type=\"form.default\">\n\t\t\t\t<div class=\"elementor-widget-container\">\n\t\t\t\t\t<form class=\"elementor-form\" method=\"post\" name=\"reviews\">\n\t\t\t<input type=\"hidden\" name=\"post_id\" value=\"2560\"\/>\n\t\t\t<input type=\"hidden\" name=\"form_id\" value=\"9684407\"\/>\n\t\t\t<input type=\"hidden\" name=\"referer_title\" value=\"Landing\" \/>\n\n\t\t\t\n\t\t\t<div class=\"elementor-form-fields-wrapper elementor-labels-above\">\n\t\t\t\t\t\t\t\t<div class=\"elementor-field-type-text elementor-field-group elementor-column elementor-field-group-autocomplete_search elementor-col-60\">\n\t\t\t\t\t<input size=\"1\" type=\"text\" name=\"form_fields[autocomplete_search]\" id=\"form-field-autocomplete_search\" class=\"elementor-field elementor-size-md  elementor-field-textual\" placeholder=\"ID de producto ej. 75U9GQ\">\t\t\t\t<\/div>\n\t\t\t\t\t\t\t\t<div class=\"elementor-field-group elementor-column elementor-field-type-submit elementor-col-40 e-form__buttons\">\n\t\t\t\t\t<button type=\"submit\" class=\"elementor-button elementor-size-md\">\n\t\t\t\t\t\t<span >\n\t\t\t\t\t\t\t\t\t\t\t\t\t\t\t<span class=\" elementor-button-icon\">\n\t\t\t\t\t\t\t\t\t\t\t\t\t\t\t\t\t\t\t\t\t\t\t\t\t\t<\/span>\n\t\t\t\t\t\t\t\t\t\t\t\t\t\t\t\t\t\t\t\t\t\t<span class=\"elementor-button-text\">Buscar >><\/span>\n\t\t\t\t\t\t\t\t\t\t\t\t\t<\/span>\n\t\t\t\t\t<\/button>\n\t\t\t\t<\/div>\n\t\t\t<\/div>\n\t\t<\/form>\n\t\t\t\t<\/div>\n\t\t\t\t<\/div>\n\t\t\t\t<div class=\"elementor-element elementor-element-de2d603 elementor-widget elementor-widget-html\" data-id=\"de2d603\" data-element_type=\"widget\" data-widget_type=\"html.default\">\n\t\t\t\t<div class=\"elementor-widget-container\">\n\t\t\t<div id=\"autocomplete_results\" style=\"display:none;\">\n<\/div>\n\t\t<\/div>\n\t\t\t\t<\/div>\n\t\t\t\t\t<\/div>\n\t\t<\/div>\n\t\t\t\t\t\t\t<\/div>\n\t\t<\/section>\n\t\t\t\t\t<\/div>\n\t\t<\/div>\n\t\t\t\t<div class=\"elementor-column elementor-col-50 elementor-top-column elementor-element elementor-element-b80513e\" data-id=\"b80513e\" data-element_type=\"column\">\n\t\t\t<div class=\"elementor-widget-wrap\">\n\t\t\t\t\t\t\t\t\t<\/div>\n\t\t<\/div>\n\t\t\t\t\t\t\t<\/div>\n\t\t<\/section>\n\t\t\t\t<section class=\"elementor-section elementor-top-section elementor-element elementor-element-190081b elementor-section-boxed elementor-section-height-default elementor-section-height-default\" data-id=\"190081b\" data-element_type=\"section\">\n\t\t\t\t\t\t<div class=\"elementor-container elementor-column-gap-default\">\n\t\t\t\t\t<div class=\"elementor-column elementor-col-100 elementor-top-column elementor-element elementor-element-ab74648\" data-id=\"ab74648\" data-element_type=\"column\">\n\t\t\t<div class=\"elementor-widget-wrap elementor-element-populated\">\n\t\t\t\t\t\t\t\t<div class=\"elementor-element elementor-element-c9892cf elementor-widget elementor-widget-heading\" data-id=\"c9892cf\" data-element_type=\"widget\" data-widget_type=\"heading.default\">\n\t\t\t\t<div class=\"elementor-widget-container\">\n\t\t\t<h2 class=\"elementor-heading-title elementor-size-default\">Tu opini\u00f3n es muy importante para nosotros<\/h2>\t\t<\/div>\n\t\t\t\t<\/div>\n\t\t\t\t\t<\/div>\n\t\t<\/div>\n\t\t\t\t\t\t\t<\/div>\n\t\t<\/section>\n\t\t\t\t<section class=\"elementor-section elementor-top-section elementor-element elementor-element-59b0fb3 elementor-section-boxed elementor-section-height-default elementor-section-height-default\" data-id=\"59b0fb3\" data-element_type=\"section\">\n\t\t\t\t\t\t<div class=\"elementor-container elementor-column-gap-default\">\n\t\t\t\t\t<div class=\"elementor-column elementor-col-100 elementor-top-column elementor-element elementor-element-cbe89eb\" data-id=\"cbe89eb\" data-element_type=\"column\">\n\t\t\t<div class=\"elementor-widget-wrap elementor-element-populated\">\n\t\t\t\t\t\t\t\t<div class=\"elementor-element elementor-element-55e2fb8 elementor-widget elementor-widget-heading\" data-id=\"55e2fb8\" data-element_type=\"widget\" data-widget_type=\"heading.default\">\n\t\t\t\t<div class=\"elementor-widget-container\">\n\t\t\t<h2 class=\"elementor-heading-title elementor-size-default\">\u00a1Es muy f\u00e1cil!<\/h2>\t\t<\/div>\n\t\t\t\t<\/div>\n\t\t\t\t\t<\/div>\n\t\t<\/div>\n\t\t\t\t\t\t\t<\/div>\n\t\t<\/section>\n\t\t\t\t<section class=\"elementor-section elementor-top-section elementor-element elementor-element-138e878 elementor-hidden-tablet elementor-hidden-phone elementor-section-boxed elementor-section-height-default elementor-section-height-default\" data-id=\"138e878\" data-element_type=\"section\">\n\t\t\t\t\t\t<div class=\"elementor-container elementor-column-gap-default\">\n\t\t\t\t\t<div class=\"elementor-column elementor-col-33 elementor-top-column elementor-element elementor-element-e69a333\" data-id=\"e69a333\" data-element_type=\"column\">\n\t\t\t<div class=\"elementor-widget-wrap elementor-element-populated\">\n\t\t\t\t\t\t\t\t<div class=\"elementor-element elementor-element-8d5d06f elementor-widget elementor-widget-text-editor\" data-id=\"8d5d06f\" data-element_type=\"widget\" data-widget_type=\"text-editor.default\">\n\t\t\t\t<div class=\"elementor-widget-container\">\n\t\t\t\t\t<div class=\"elementor-text-editor elementor-clearfix\"><p><span style=\"color: #000000;\">Estamos en constante proceso de mejora, <\/span><br \/><span style=\"color: #000000;\">pensando en ti y en tus necesidades.<\/span><br \/><br \/><span style=\"color: #000000;\">D\u00e9janos tu opini\u00f3n sobre tu producto Hisense,<\/span><br \/><span style=\"color: #000000;\">escribiendo un comentario en nuestra web<\/span><br \/><span style=\"color: #000000;\">o en la p\u00e1gina web del establecimiento donde <\/span><br \/><span style=\"color: #000000;\">realizaste la compra.<\/span><\/p><p><span style=\"color: #000000;\">Gracias por confiar en nosotros.<\/span><\/p><\/div>\n\t\t\t\t<\/div>\n\t\t\t\t<\/div>\n\t\t\t\t\t<\/div>\n\t\t<\/div>\n\t\t\t\t<div class=\"elementor-column elementor-col-66 elementor-top-column elementor-element elementor-element-43e6985\" data-id=\"43e6985\" data-element_type=\"column\">\n\t\t\t<div class=\"elementor-widget-wrap elementor-element-populated\">\n\t\t\t\t\t\t\t\t<section class=\"elementor-section elementor-inner-section elementor-element elementor-element-51c0c13 elementor-section-boxed elementor-section-height-default elementor-section-height-default\" data-id=\"51c0c13\" data-element_type=\"section\">\n\t\t\t\t\t\t<div class=\"elementor-container elementor-column-gap-default\">\n\t\t\t\t\t<div class=\"elementor-column elementor-col-50 elementor-inner-column elementor-element elementor-element-485bf2b\" data-id=\"485bf2b\" data-element_type=\"column\" data-settings=\"{&quot;background_background&quot;:&quot;classic&quot;}\">\n\t\t\t<div class=\"elementor-widget-wrap elementor-element-populated\">\n\t\t\t\t\t\t\t\t<div class=\"elementor-element elementor-element-2f800e6 elementor-widget elementor-widget-heading\" data-id=\"2f800e6\" data-element_type=\"widget\" data-widget_type=\"heading.default\">\n\t\t\t\t<div class=\"elementor-widget-container\">\n\t\t\t<h4 class=\"elementor-heading-title elementor-size-default\"><a href=\"https:\/\/apps.bazaarvoice.com\/deployments\/hisense-es\/main_site\/production\/es_ES\/container.html?bvaction=rr_submit_generic&#038;bvcampaignId=reviews_landing\">Busca tu <br> producto<\/a><\/h4>\t\t<\/div>\n\t\t\t\t<\/div>\n\t\t\t\t\t<\/div>\n\t\t<\/div>\n\t\t\t\t<div class=\"elementor-column elementor-col-50 elementor-inner-column elementor-element elementor-element-357892a\" data-id=\"357892a\" data-element_type=\"column\" data-settings=\"{&quot;background_background&quot;:&quot;classic&quot;}\">\n\t\t\t<div class=\"elementor-widget-wrap\">\n\t\t\t\t\t\t\t\t\t<\/div>\n\t\t<\/div>\n\t\t\t\t\t\t\t<\/div>\n\t\t<\/section>\n\t\t\t\t\t<\/div>\n\t\t<\/div>\n\t\t\t\t\t\t\t<\/div>\n\t\t<\/section>\n\t\t\t\t<section class=\"elementor-section elementor-top-section elementor-element elementor-element-6f73e07 elementor-hidden-desktop elementor-section-boxed elementor-section-height-default elementor-section-height-default\" data-id=\"6f73e07\" data-element_type=\"section\">\n\t\t\t\t\t\t<div class=\"elementor-container elementor-column-gap-default\">\n\t\t\t\t\t<div class=\"elementor-column elementor-col-100 elementor-top-column elementor-element elementor-element-d9e775c\" data-id=\"d9e775c\" data-element_type=\"column\">\n\t\t\t<div class=\"elementor-widget-wrap elementor-element-populated\">\n\t\t\t\t\t\t\t\t<div class=\"elementor-element elementor-element-98ee1e5 elementor-widget elementor-widget-text-editor\" data-id=\"98ee1e5\" data-element_type=\"widget\" data-widget_type=\"text-editor.default\">\n\t\t\t\t<div class=\"elementor-widget-container\">\n\t\t\t\t\t<div class=\"elementor-text-editor elementor-clearfix\"><p><span style=\"color: #000000;\">Estamos en constante proceso de mejora, <\/span><br \/><span style=\"color: #000000;\">pensando en ti y en tus necesidades.<\/span><br \/><br \/><span style=\"color: #000000;\">D\u00e9janos tu opini\u00f3n sobre tu producto Hisense,<\/span><br \/><span style=\"color: #000000;\">escribiendo un comentario en nuestra web<\/span><br \/><span style=\"color: #000000;\">o en la p\u00e1gina web del establecimiento donde <\/span><br \/><span style=\"color: #000000;\">realizaste la compra.<\/span><\/p><p><span style=\"color: #000000;\">Gracias por confiar en nosotros.<\/span><\/p><\/div>\n\t\t\t\t<\/div>\n\t\t\t\t<\/div>\n\t\t\t\t<section class=\"elementor-section elementor-inner-section elementor-element elementor-element-4faea21 elementor-section-boxed elementor-section-height-default elementor-section-height-default\" data-id=\"4faea21\" data-element_type=\"section\">\n\t\t\t\t\t\t<div class=\"elementor-container elementor-column-gap-default\">\n\t\t\t\t\t<div class=\"elementor-column elementor-col-50 elementor-inner-column elementor-element elementor-element-9064468\" data-id=\"9064468\" data-element_type=\"column\" data-settings=\"{&quot;background_background&quot;:&quot;classic&quot;}\">\n\t\t\t<div class=\"elementor-widget-wrap elementor-element-populated\">\n\t\t\t\t\t\t\t\t<div class=\"elementor-element elementor-element-7b832f4 elementor-widget elementor-widget-heading\" data-id=\"7b832f4\" data-element_type=\"widget\" data-widget_type=\"heading.default\">\n\t\t\t\t<div class=\"elementor-widget-container\">\n\t\t\t<h4 class=\"elementor-heading-title elementor-size-default\">Busca tu <br> producto<\/h4>\t\t<\/div>\n\t\t\t\t<\/div>\n\t\t\t\t\t<\/div>\n\t\t<\/div>\n\t\t\t\t<div class=\"elementor-column elementor-col-50 elementor-inner-column elementor-element elementor-element-cf7fc64\" data-id=\"cf7fc64\" data-element_type=\"column\" data-settings=\"{&quot;background_background&quot;:&quot;classic&quot;}\">\n\t\t\t<div class=\"elementor-widget-wrap elementor-element-populated\">\n\t\t\t\t\t\t\t\t<div class=\"elementor-element elementor-element-cecea6f elementor-widget elementor-widget-spacer\" data-id=\"cecea6f\" data-element_type=\"widget\" data-widget_type=\"spacer.default\">\n\t\t\t\t<div class=\"elementor-widget-container\">\n\t\t\t\t\t<div class=\"elementor-spacer\">\n\t\t\t<div class=\"elementor-spacer-inner\"><\/div>\n\t\t<\/div>\n\t\t\t\t<\/div>\n\t\t\t\t<\/div>\n\t\t\t\t\t<\/div>\n\t\t<\/div>\n\t\t\t\t\t\t\t<\/div>\n\t\t<\/section>\n\t\t\t\t\t<\/div>\n\t\t<\/div>\n\t\t\t\t\t\t\t<\/div>\n\t\t<\/section>\n\t\t\t\t\t\t<\/div>\n\t\t\t\t\t<\/div>\n\t\t","protected":false},"excerpt":{"rendered":"<p>Pronto disponible&#8230; Tu opini\u00f3n nos importa Cu\u00e9ntanos tu experiencia Busca tu producto por el c\u00f3digo y espera el desplegable Tu opini\u00f3n es muy importante para nosotros \u00a1Es muy f\u00e1cil! Estamos en constante proceso de mejora, pensando en ti y en tus necesidades. D\u00e9janos tu opini\u00f3n sobre tu producto Hisense,escribiendo un comentario en nuestra webo en &#8230; <a title=\"Reviews Hisense\" class=\"read-more\" href=\"https:\/\/www.hisense.es\/landings\/reviews\/\" aria-label=\"M\u00e1s en Reviews Hisense\">Leer m\u00e1s<\/a><\/p>\n","protected":false},"author":7,"featured_media":0,"parent":0,"menu_order":0,"comment_status":"closed","ping_status":"closed","template":"elementor_header_footer","meta":{"_acf_changed":false,"footnotes":""},"acf":[],"yoast_head":"<!-- This site is optimized with the Yoast SEO plugin v22.2 - https:\/\/yoast.com\/wordpress\/plugins\/seo\/ -->\n<title>Landing de Reviews de Hisense<\/title>\n<meta name=\"description\" content=\"Landing de Reviews de Hisense, valora tu producto y ay\u00fadanos a seguir mejorando. Gracias tus comentarios podemos mejorar d\u00eda a d\u00eda.\" \/>\n<meta name=\"robots\" content=\"noindex, follow, max-snippet:-1, max-image-preview:large, max-video-preview:-1\" \/>\n<meta property=\"og:locale\" content=\"es_ES\" \/>\n<meta property=\"og:type\" content=\"article\" \/>\n<meta property=\"og:title\" content=\"Landing de Reviews de Hisense\" \/>\n<meta property=\"og:description\" content=\"Landing de Reviews de Hisense, valora tu producto y ay\u00fadanos a seguir mejorando. Gracias tus comentarios podemos mejorar d\u00eda a d\u00eda.\" \/>\n<meta property=\"og:url\" content=\"https:\/\/www.hisense.es\/landings\/reviews\/\" \/>\n<meta property=\"og:site_name\" content=\"Landing\" \/>\n<meta property=\"article:modified_time\" content=\"2026-01-29T16:31:06+00:00\" \/>\n<meta name=\"twitter:card\" content=\"summary_large_image\" \/>\n<meta name=\"twitter:label1\" content=\"Tiempo de lectura\" \/>\n\t<meta name=\"twitter:data1\" content=\"1 minuto\" \/>\n<script type=\"application\/ld+json\" class=\"yoast-schema-graph\">{\"@context\":\"https:\/\/schema.org\",\"@graph\":[{\"@type\":\"WebPage\",\"@id\":\"https:\/\/www.hisense.es\/landings\/reviews\/\",\"url\":\"https:\/\/www.hisense.es\/landings\/reviews\/\",\"name\":\"Landing de Reviews de Hisense\",\"isPartOf\":{\"@id\":\"https:\/\/www.hisense.es\/landings\/#website\"},\"datePublished\":\"2023-06-09T09:51:10+00:00\",\"dateModified\":\"2026-01-29T16:31:06+00:00\",\"description\":\"Landing de Reviews de Hisense, valora tu producto y ay\u00fadanos a seguir mejorando. Gracias tus comentarios podemos mejorar d\u00eda a d\u00eda.\",\"breadcrumb\":{\"@id\":\"https:\/\/www.hisense.es\/landings\/reviews\/#breadcrumb\"},\"inLanguage\":\"es\",\"potentialAction\":[{\"@type\":\"ReadAction\",\"target\":[\"https:\/\/www.hisense.es\/landings\/reviews\/\"]}]},{\"@type\":\"BreadcrumbList\",\"@id\":\"https:\/\/www.hisense.es\/landings\/reviews\/#breadcrumb\",\"itemListElement\":[{\"@type\":\"ListItem\",\"position\":1,\"name\":\"Portada\",\"item\":\"https:\/\/www.hisense.es\/landings\/\"},{\"@type\":\"ListItem\",\"position\":2,\"name\":\"Reviews Hisense\"}]},{\"@type\":\"WebSite\",\"@id\":\"https:\/\/www.hisense.es\/landings\/#website\",\"url\":\"https:\/\/www.hisense.es\/landings\/\",\"name\":\"Landing\",\"description\":\"Just another WordPress site\",\"potentialAction\":[{\"@type\":\"SearchAction\",\"target\":{\"@type\":\"EntryPoint\",\"urlTemplate\":\"https:\/\/www.hisense.es\/landings\/?s={search_term_string}\"},\"query-input\":\"required name=search_term_string\"}],\"inLanguage\":\"es\"}]}<\/script>\n<!-- \/ Yoast SEO plugin. -->","yoast_head_json":{"title":"Landing de Reviews de Hisense","description":"Landing de Reviews de Hisense, valora tu producto y ay\u00fadanos a seguir mejorando. Gracias tus comentarios podemos mejorar d\u00eda a d\u00eda.","robots":{"index":"noindex","follow":"follow","max-snippet":"max-snippet:-1","max-image-preview":"max-image-preview:large","max-video-preview":"max-video-preview:-1"},"og_locale":"es_ES","og_type":"article","og_title":"Landing de Reviews de Hisense","og_description":"Landing de Reviews de Hisense, valora tu producto y ay\u00fadanos a seguir mejorando. Gracias tus comentarios podemos mejorar d\u00eda a d\u00eda.","og_url":"https:\/\/www.hisense.es\/landings\/reviews\/","og_site_name":"Landing","article_modified_time":"2026-01-29T16:31:06+00:00","twitter_card":"summary_large_image","twitter_misc":{"Tiempo de lectura":"1 minuto"},"schema":{"@context":"https:\/\/schema.org","@graph":[{"@type":"WebPage","@id":"https:\/\/www.hisense.es\/landings\/reviews\/","url":"https:\/\/www.hisense.es\/landings\/reviews\/","name":"Landing de Reviews de Hisense","isPartOf":{"@id":"https:\/\/www.hisense.es\/landings\/#website"},"datePublished":"2023-06-09T09:51:10+00:00","dateModified":"2026-01-29T16:31:06+00:00","description":"Landing de Reviews de Hisense, valora tu producto y ay\u00fadanos a seguir mejorando. Gracias tus comentarios podemos mejorar d\u00eda a d\u00eda.","breadcrumb":{"@id":"https:\/\/www.hisense.es\/landings\/reviews\/#breadcrumb"},"inLanguage":"es","potentialAction":[{"@type":"ReadAction","target":["https:\/\/www.hisense.es\/landings\/reviews\/"]}]},{"@type":"BreadcrumbList","@id":"https:\/\/www.hisense.es\/landings\/reviews\/#breadcrumb","itemListElement":[{"@type":"ListItem","position":1,"name":"Portada","item":"https:\/\/www.hisense.es\/landings\/"},{"@type":"ListItem","position":2,"name":"Reviews Hisense"}]},{"@type":"WebSite","@id":"https:\/\/www.hisense.es\/landings\/#website","url":"https:\/\/www.hisense.es\/landings\/","name":"Landing","description":"Just another WordPress site","potentialAction":[{"@type":"SearchAction","target":{"@type":"EntryPoint","urlTemplate":"https:\/\/www.hisense.es\/landings\/?s={search_term_string}"},"query-input":"required name=search_term_string"}],"inLanguage":"es"}]}},"_links":{"self":[{"href":"https:\/\/www.hisense.es\/landings\/wp-json\/wp\/v2\/pages\/2560"}],"collection":[{"href":"https:\/\/www.hisense.es\/landings\/wp-json\/wp\/v2\/pages"}],"about":[{"href":"https:\/\/www.hisense.es\/landings\/wp-json\/wp\/v2\/types\/page"}],"author":[{"embeddable":true,"href":"https:\/\/www.hisense.es\/landings\/wp-json\/wp\/v2\/users\/7"}],"replies":[{"embeddable":true,"href":"https:\/\/www.hisense.es\/landings\/wp-json\/wp\/v2\/comments?post=2560"}],"version-history":[{"count":167,"href":"https:\/\/www.hisense.es\/landings\/wp-json\/wp\/v2\/pages\/2560\/revisions"}],"predecessor-version":[{"id":15013,"href":"https:\/\/www.hisense.es\/landings\/wp-json\/wp\/v2\/pages\/2560\/revisions\/15013"}],"wp:attachment":[{"href":"https:\/\/www.hisense.es\/landings\/wp-json\/wp\/v2\/media?parent=2560"}],"curies":[{"name":"wp","href":"https:\/\/api.w.org\/{rel}","templated":true}]}}